{"id":125,"date":"2020-02-15T21:56:33","date_gmt":"2020-02-15T20:56:33","guid":{"rendered":"http:\/\/www.m2-infocom.iut-tlse3.fr\/?page_id=125"},"modified":"2022-11-21T14:47:56","modified_gmt":"2022-11-21T13:47:56","slug":"le-stage","status":"publish","type":"page","link":"http:\/\/www.m2-infocom.iut-tlse3.fr\/?page_id=125","title":{"rendered":"Le stage"},"content":{"rendered":"\t\t<div data-elementor-type=\"wp-page\" data-elementor-id=\"125\" class=\"elementor elementor-125\" data-elementor-settings=\"[]\">\n\t\t\t\t\t\t<div class=\"elementor-inner\">\n\t\t\t\t\t\t\t<div class=\"elementor-section-wrap\">\n\t\t\t\t\t\t\t<section class=\"elementor-section elementor-top-section elementor-element elementor-element-aa94515 elementor-section-boxed elementor-section-height-default elementor-section-height-default\" data-id=\"aa94515\" data-element_type=\"section\">\n\t\t\t\t\t\t<div class=\"elementor-container elementor-column-gap-default\">\n\t\t\t\t\t\t\t<div class=\"elementor-row\">\n\t\t\t\t\t<div class=\"elementor-column elementor-col-100 elementor-top-column elementor-element elementor-element-dc0b646\" data-id=\"dc0b646\" data-element_type=\"column\">\n\t\t\t<div class=\"elementor-column-wrap elementor-element-populated\">\n\t\t\t\t\t\t\t<div class=\"elementor-widget-wrap\">\n\t\t\t\t\t\t<div class=\"elementor-element elementor-element-c71bb56 elementor-widget elementor-widget-heading\" data-id=\"c71bb56\" data-element_type=\"widget\" data-widget_type=\"heading.default\">\n\t\t\t\t<div class=\"elementor-widget-container\">\n\t\t\t<h1 class=\"elementor-heading-title elementor-size-default\">Un stage professionnel pratique<\/h1>\t\t<\/div>\n\t\t\t\t<\/div>\n\t\t\t\t\t\t<\/div>\n\t\t\t\t\t<\/div>\n\t\t<\/div>\n\t\t\t\t\t\t\t\t<\/div>\n\t\t\t\t\t<\/div>\n\t\t<\/section>\n\t\t\t\t<section class=\"elementor-section elementor-top-section elementor-element elementor-element-20245c3 elementor-section-boxed elementor-section-height-default elementor-section-height-default\" data-id=\"20245c3\" data-element_type=\"section\">\n\t\t\t\t\t\t<div class=\"elementor-container elementor-column-gap-default\">\n\t\t\t\t\t\t\t<div class=\"elementor-row\">\n\t\t\t\t\t<div class=\"elementor-column elementor-col-100 elementor-top-column elementor-element elementor-element-fe29252\" data-id=\"fe29252\" data-element_type=\"column\">\n\t\t\t<div class=\"elementor-column-wrap elementor-element-populated\">\n\t\t\t\t\t\t\t<div class=\"elementor-widget-wrap\">\n\t\t\t\t\t\t<div class=\"elementor-element elementor-element-f1013c5 elementor-widget elementor-widget-text-editor\" data-id=\"f1013c5\" data-element_type=\"widget\" data-widget_type=\"text-editor.default\">\n\t\t\t\t<div class=\"elementor-widget-container\">\n\t\t\t\t\t\t\t\t<div class=\"elementor-text-editor elementor-clearfix\">\n\t\t\t\t<p>Un stage de trois mois minimum et de six mois maximum, d\u00e9butant \u00e0 partir du d\u00e9but du mois d\u2019avril et s\u2019achevant \u00e0 la fin du mois de septembre, vient compl\u00e9ter l\u2019ann\u00e9e en permettant aux \u00e9tudiants une approche pratique de la communication territorialis\u00e9e. Il doit se traduire par une contribution active \u00e0 des actions sp\u00e9cifiques de communication.<\/p><p>A la fin de cette exp\u00e9rience professionnelle, un m\u00e9moire de stage doit \u00eatre d\u00e9pos\u00e9.<\/p><p>Pour les \u00e9tudiants en parcours recherche, ce stage s\u2019effectue dans un laboratoire de recherche pour permettre la r\u00e9daction du m\u00e9moire.<\/p>\t\t\t\t\t<\/div>\n\t\t\t\t\t\t<\/div>\n\t\t\t\t<\/div>\n\t\t\t\t\t\t<\/div>\n\t\t\t\t\t<\/div>\n\t\t<\/div>\n\t\t\t\t\t\t\t\t<\/div>\n\t\t\t\t\t<\/div>\n\t\t<\/section>\n\t\t\t\t<section class=\"elementor-section elementor-top-section elementor-element elementor-element-1d60422 elementor-section-boxed elementor-section-height-default elementor-section-height-default\" data-id=\"1d60422\" data-element_type=\"section\">\n\t\t\t\t\t\t<div class=\"elementor-container elementor-column-gap-default\">\n\t\t\t\t\t\t\t<div class=\"elementor-row\">\n\t\t\t\t\t<div class=\"elementor-column elementor-col-100 elementor-top-column elementor-element elementor-element-3059b57\" data-id=\"3059b57\" data-element_type=\"column\">\n\t\t\t<div class=\"elementor-column-wrap elementor-element-populated\">\n\t\t\t\t\t\t\t<div class=\"elementor-widget-wrap\">\n\t\t\t\t\t\t<div class=\"elementor-element elementor-element-1f066cf elementor-widget elementor-widget-spacer\" data-id=\"1f066cf\" data-element_type=\"widget\" data-widget_type=\"spacer.default\">\n\t\t\t\t<div class=\"elementor-widget-container\">\n\t\t\t\t\t<div class=\"elementor-spacer\">\n\t\t\t<div class=\"elementor-spacer-inner\"><\/div>\n\t\t<\/div>\n\t\t\t\t<\/div>\n\t\t\t\t<\/div>\n\t\t\t\t\t\t<\/div>\n\t\t\t\t\t<\/div>\n\t\t<\/div>\n\t\t\t\t\t\t\t\t<\/div>\n\t\t\t\t\t<\/div>\n\t\t<\/section>\n\t\t\t\t\t\t<\/div>\n\t\t\t\t\t\t<\/div>\n\t\t\t\t\t<\/div>\n\t\t","protected":false},"excerpt":{"rendered":"<p>Un stage professionnel pratique Un stage de trois mois minimum et de six mois maximum, d\u00e9butant \u00e0 partir du d\u00e9but du mois d\u2019avril&#8230;<\/p>\n","protected":false},"author":1,"featured_media":1130,"parent":0,"menu_order":0,"comment_status":"closed","ping_status":"closed","template":"elementor_header_footer","meta":[],"yoast_head":"<!-- This site is optimized with the Yoast SEO plugin v18.0 - https:\/\/yoast.com\/wordpress\/plugins\/seo\/ -->\n<title>Le stage - Master 2 Communication et Territoires<\/title>\n<meta name=\"robots\" content=\"index, follow, max-snippet:-1, max-image-preview:large, max-video-preview:-1\" \/>\n<link rel=\"canonical\" href=\"http:\/\/www.m2-infocom.iut-tlse3.fr\/?page_id=125\" \/>\n<meta property=\"og:locale\" content=\"fr_FR\" \/>\n<meta property=\"og:type\" content=\"article\" \/>\n<meta property=\"og:title\" content=\"Le stage - Master 2 Communication et Territoires\" \/>\n<meta property=\"og:description\" content=\"Un stage professionnel pratique Un stage de trois mois minimum et de six mois maximum, d\u00e9butant \u00e0 partir du d\u00e9but du mois d\u2019avril...\" \/>\n<meta property=\"og:url\" content=\"http:\/\/www.m2-infocom.iut-tlse3.fr\/?page_id=125\" \/>\n<meta property=\"og:site_name\" content=\"Master 2 Communication et Territoires\" \/>\n<meta property=\"article:modified_time\" content=\"2022-11-21T13:47:56+00:00\" \/>\n<meta property=\"og:image\" content=\"http:\/\/www.m2-infocom.iut-tlse3.fr\/wp-content\/uploads\/2022\/10\/bannie\u0300re-site-min.png\" \/>\n\t<meta property=\"og:image:width\" content=\"1920\" \/>\n\t<meta property=\"og:image:height\" content=\"600\" \/>\n\t<meta property=\"og:image:type\" content=\"image\/png\" \/>\n<meta name=\"twitter:card\" content=\"summary_large_image\" \/>\n<meta name=\"twitter:label1\" content=\"Dur\u00e9e de lecture estim\u00e9e\" \/>\n\t<meta name=\"twitter:data1\" content=\"1 minute\" \/>\n<script type=\"application\/ld+json\" class=\"yoast-schema-graph\">{\"@context\":\"https:\/\/schema.org\",\"@graph\":[{\"@type\":\"WebSite\",\"@id\":\"http:\/\/www.m2-infocom.iut-tlse3.fr\/#website\",\"url\":\"http:\/\/www.m2-infocom.iut-tlse3.fr\/\",\"name\":\"Master 2 Communication et Territoires\",\"description\":\"\",\"potentialAction\":[{\"@type\":\"SearchAction\",\"target\":{\"@type\":\"EntryPoint\",\"urlTemplate\":\"http:\/\/www.m2-infocom.iut-tlse3.fr\/?s={search_term_string}\"},\"query-input\":\"required name=search_term_string\"}],\"inLanguage\":\"fr-FR\"},{\"@type\":\"ImageObject\",\"@id\":\"http:\/\/www.m2-infocom.iut-tlse3.fr\/?page_id=125#primaryimage\",\"inLanguage\":\"fr-FR\",\"url\":\"http:\/\/www.m2-infocom.iut-tlse3.fr\/wp-content\/uploads\/2022\/10\/bannie\u0300re-site-min.png\",\"contentUrl\":\"http:\/\/www.m2-infocom.iut-tlse3.fr\/wp-content\/uploads\/2022\/10\/bannie\u0300re-site-min.png\",\"width\":1920,\"height\":600},{\"@type\":\"WebPage\",\"@id\":\"http:\/\/www.m2-infocom.iut-tlse3.fr\/?page_id=125#webpage\",\"url\":\"http:\/\/www.m2-infocom.iut-tlse3.fr\/?page_id=125\",\"name\":\"Le stage - Master 2 Communication et Territoires\",\"isPartOf\":{\"@id\":\"http:\/\/www.m2-infocom.iut-tlse3.fr\/#website\"},\"primaryImageOfPage\":{\"@id\":\"http:\/\/www.m2-infocom.iut-tlse3.fr\/?page_id=125#primaryimage\"},\"datePublished\":\"2020-02-15T20:56:33+00:00\",\"dateModified\":\"2022-11-21T13:47:56+00:00\",\"breadcrumb\":{\"@id\":\"http:\/\/www.m2-infocom.iut-tlse3.fr\/?page_id=125#breadcrumb\"},\"inLanguage\":\"fr-FR\",\"potentialAction\":[{\"@type\":\"ReadAction\",\"target\":[\"http:\/\/www.m2-infocom.iut-tlse3.fr\/?page_id=125\"]}]},{\"@type\":\"BreadcrumbList\",\"@id\":\"http:\/\/www.m2-infocom.iut-tlse3.fr\/?page_id=125#breadcrumb\",\"itemListElement\":[{\"@type\":\"ListItem\",\"position\":1,\"name\":\"Le stage\"}]}]}<\/script>\n<!-- \/ Yoast SEO plugin. -->","yoast_head_json":{"title":"Le stage - Master 2 Communication et Territoires","robots":{"index":"index","follow":"follow","max-snippet":"max-snippet:-1","max-image-preview":"max-image-preview:large","max-video-preview":"max-video-preview:-1"},"canonical":"http:\/\/www.m2-infocom.iut-tlse3.fr\/?page_id=125","og_locale":"fr_FR","og_type":"article","og_title":"Le stage - Master 2 Communication et Territoires","og_description":"Un stage professionnel pratique Un stage de trois mois minimum et de six mois maximum, d\u00e9butant \u00e0 partir du d\u00e9but du mois d\u2019avril...","og_url":"http:\/\/www.m2-infocom.iut-tlse3.fr\/?page_id=125","og_site_name":"Master 2 Communication et Territoires","article_modified_time":"2022-11-21T13:47:56+00:00","og_image":[{"width":1920,"height":600,"url":"http:\/\/www.m2-infocom.iut-tlse3.fr\/wp-content\/uploads\/2022\/10\/bannie\u0300re-site-min.png","type":"image\/png"}],"twitter_card":"summary_large_image","twitter_misc":{"Dur\u00e9e de lecture estim\u00e9e":"1 minute"},"schema":{"@context":"https:\/\/schema.org","@graph":[{"@type":"WebSite","@id":"http:\/\/www.m2-infocom.iut-tlse3.fr\/#website","url":"http:\/\/www.m2-infocom.iut-tlse3.fr\/","name":"Master 2 Communication et Territoires","description":"","potentialAction":[{"@type":"SearchAction","target":{"@type":"EntryPoint","urlTemplate":"http:\/\/www.m2-infocom.iut-tlse3.fr\/?s={search_term_string}"},"query-input":"required name=search_term_string"}],"inLanguage":"fr-FR"},{"@type":"ImageObject","@id":"http:\/\/www.m2-infocom.iut-tlse3.fr\/?page_id=125#primaryimage","inLanguage":"fr-FR","url":"http:\/\/www.m2-infocom.iut-tlse3.fr\/wp-content\/uploads\/2022\/10\/bannie\u0300re-site-min.png","contentUrl":"http:\/\/www.m2-infocom.iut-tlse3.fr\/wp-content\/uploads\/2022\/10\/bannie\u0300re-site-min.png","width":1920,"height":600},{"@type":"WebPage","@id":"http:\/\/www.m2-infocom.iut-tlse3.fr\/?page_id=125#webpage","url":"http:\/\/www.m2-infocom.iut-tlse3.fr\/?page_id=125","name":"Le stage - Master 2 Communication et Territoires","isPartOf":{"@id":"http:\/\/www.m2-infocom.iut-tlse3.fr\/#website"},"primaryImageOfPage":{"@id":"http:\/\/www.m2-infocom.iut-tlse3.fr\/?page_id=125#primaryimage"},"datePublished":"2020-02-15T20:56:33+00:00","dateModified":"2022-11-21T13:47:56+00:00","breadcrumb":{"@id":"http:\/\/www.m2-infocom.iut-tlse3.fr\/?page_id=125#breadcrumb"},"inLanguage":"fr-FR","potentialAction":[{"@type":"ReadAction","target":["http:\/\/www.m2-infocom.iut-tlse3.fr\/?page_id=125"]}]},{"@type":"BreadcrumbList","@id":"http:\/\/www.m2-infocom.iut-tlse3.fr\/?page_id=125#breadcrumb","itemListElement":[{"@type":"ListItem","position":1,"name":"Le stage"}]}]}},"_links":{"self":[{"href":"http:\/\/www.m2-infocom.iut-tlse3.fr\/index.php?rest_route=\/wp\/v2\/pages\/125"}],"collection":[{"href":"http:\/\/www.m2-infocom.iut-tlse3.fr\/index.php?rest_route=\/wp\/v2\/pages"}],"about":[{"href":"http:\/\/www.m2-infocom.iut-tlse3.fr\/index.php?rest_route=\/wp\/v2\/types\/page"}],"author":[{"embeddable":true,"href":"http:\/\/www.m2-infocom.iut-tlse3.fr\/index.php?rest_route=\/wp\/v2\/users\/1"}],"replies":[{"embeddable":true,"href":"http:\/\/www.m2-infocom.iut-tlse3.fr\/index.php?rest_route=%2Fwp%2Fv2%2Fcomments&post=125"}],"version-history":[{"count":7,"href":"http:\/\/www.m2-infocom.iut-tlse3.fr\/index.php?rest_route=\/wp\/v2\/pages\/125\/revisions"}],"predecessor-version":[{"id":1192,"href":"http:\/\/www.m2-infocom.iut-tlse3.fr\/index.php?rest_route=\/wp\/v2\/pages\/125\/revisions\/1192"}],"wp:featuredmedia":[{"embeddable":true,"href":"http:\/\/www.m2-infocom.iut-tlse3.fr\/index.php?rest_route=\/wp\/v2\/media\/1130"}],"wp:attachment":[{"href":"http:\/\/www.m2-infocom.iut-tlse3.fr\/index.php?rest_route=%2Fwp%2Fv2%2Fmedia&parent=125"}],"curies":[{"name":"wp","href":"https:\/\/api.w.org\/{rel}","templated":true}]}}

<div data-elementor-type="wp-page" data-elementor-id="125" class="elementor elementor-125" data-elementor-settings="[]">
						<div class="elementor-inner">
							<div class="elementor-section-wrap">
							<section class="elementor-section elementor-top-section elementor-element elementor-element-aa94515 elementor-section-boxed elementor-section-height-default elementor-section-height-default" data-id="aa94515" data-element_type="section">
						<div class="elementor-container elementor-column-gap-default">
							<div class="elementor-row">
					<div class="elementor-column elementor-col-100 elementor-top-column elementor-element elementor-element-dc0b646" data-id="dc0b646" data-element_type="column">
			<div class="elementor-column-wrap elementor-element-populated">
							<div class="elementor-widget-wrap">
						<div class="elementor-element elementor-element-c71bb56 elementor-widget elementor-widget-heading" data-id="c71bb56" data-element_type="widget" data-widget_type="heading.default">
				<div class="elementor-widget-container">
			<h1 class="elementor-heading-title elementor-size-default">Un stage professionnel pratique</h1>		</div>
				</div>
						</div>
					</div>
		</div>
								</div>
					</div>
		</section>
				<section class="elementor-section elementor-top-section elementor-element elementor-element-20245c3 elementor-section-boxed elementor-section-height-default elementor-section-height-default" data-id="20245c3" data-element_type="section">
						<div class="elementor-container elementor-column-gap-default">
							<div class="elementor-row">
					<div class="elementor-column elementor-col-100 elementor-top-column elementor-element elementor-element-fe29252" data-id="fe29252" data-element_type="column">
			<div class="elementor-column-wrap elementor-element-populated">
							<div class="elementor-widget-wrap">
						<div class="elementor-element elementor-element-f1013c5 elementor-widget elementor-widget-text-editor" data-id="f1013c5" data-element_type="widget" data-widget_type="text-editor.default">
				<div class="elementor-widget-container">
								<div class="elementor-text-editor elementor-clearfix">
				<p>Un stage de trois mois minimum et de six mois maximum, débutant à partir du début du mois d’avril et s’achevant à la fin du mois de septembre, vient compléter l’année en permettant aux étudiants une approche pratique de la communication territorialisée. Il doit se traduire par une contribution active à des actions spécifiques de communication.</p><p>A la fin de cette expérience professionnelle, un mémoire de stage doit être déposé.</p><p>Pour les étudiants en parcours recherche, ce stage s’effectue dans un laboratoire de recherche pour permettre la rédaction du mémoire.</p>					</div>
						</div>
				</div>
						</div>
					</div>
		</div>
								</div>
					</div>
		</section>
				<section class="elementor-section elementor-top-section elementor-element elementor-element-1d60422 elementor-section-boxed elementor-section-height-default elementor-section-height-default" data-id="1d60422" data-element_type="section">
						<div class="elementor-container elementor-column-gap-default">
							<div class="elementor-row">
					<div class="elementor-column elementor-col-100 elementor-top-column elementor-element elementor-element-3059b57" data-id="3059b57" data-element_type="column">
			<div class="elementor-column-wrap elementor-element-populated">
							<div class="elementor-widget-wrap">
						<div class="elementor-element elementor-element-1f066cf elementor-widget elementor-widget-spacer" data-id="1f066cf" data-element_type="widget" data-widget_type="spacer.default">
				<div class="elementor-widget-container">
					<div class="elementor-spacer">
			<div class="elementor-spacer-inner"></div>
		</div>
				</div>
				</div>
						</div>
					</div>
		</div>
								</div>
					</div>
		</section>
						</div>
						</div>
					</div>

<p>Un stage professionnel pratique Un stage de trois mois minimum et de six mois maximum, débutant à partir du début du mois d’avril&#8230;</p>

<!-- This site is optimized with the Yoast SEO plugin v18.0 - https://yoast.com/wordpress/plugins/seo/ -->
<title>Le stage - Master 2 Communication et Territoires</title>
<meta name="robots" content="index, follow, max-snippet:-1, max-image-preview:large, max-video-preview:-1" />
<link rel="canonical" href="http://www.m2-infocom.iut-tlse3.fr/?page_id=125" />
<meta property="og:locale" content="fr_FR" />
<meta property="og:type" content="article" />
<meta property="og:title" content="Le stage - Master 2 Communication et Territoires" />
<meta property="og:description" content="Un stage professionnel pratique Un stage de trois mois minimum et de six mois maximum, débutant à partir du début du mois d’avril..." />
<meta property="og:url" content="http://www.m2-infocom.iut-tlse3.fr/?page_id=125" />
<meta property="og:site_name" content="Master 2 Communication et Territoires" />
<meta property="article:modified_time" content="2022-11-21T13:47:56+00:00" />
<meta property="og:image" content="http://www.m2-infocom.iut-tlse3.fr/wp-content/uploads/2022/10/bannière-site-min.png" />
	<meta property="og:image:width" content="1920" />
	<meta property="og:image:height" content="600" />
	<meta property="og:image:type" content="image/png" />
<meta name="twitter:card" content="summary_large_image" />
<meta name="twitter:label1" content="Durée de lecture estimée" />
	<meta name="twitter:data1" content="1 minute" />
<script type="application/ld+json" class="yoast-schema-graph">{"@context":"https://schema.org","@graph":[{"@type":"WebSite","@id":"http://www.m2-infocom.iut-tlse3.fr/#website","url":"http://www.m2-infocom.iut-tlse3.fr/","name":"Master 2 Communication et Territoires","description":"","potentialAction":[{"@type":"SearchAction","target":{"@type":"EntryPoint","urlTemplate":"http://www.m2-infocom.iut-tlse3.fr/?s={search_term_string}"},"query-input":"required name=search_term_string"}],"inLanguage":"fr-FR"},{"@type":"ImageObject","@id":"http://www.m2-infocom.iut-tlse3.fr/?page_id=125#primaryimage","inLanguage":"fr-FR","url":"http://www.m2-infocom.iut-tlse3.fr/wp-content/uploads/2022/10/bannière-site-min.png","contentUrl":"http://www.m2-infocom.iut-tlse3.fr/wp-content/uploads/2022/10/bannière-site-min.png","width":1920,"height":600},{"@type":"WebPage","@id":"http://www.m2-infocom.iut-tlse3.fr/?page_id=125#webpage","url":"http://www.m2-infocom.iut-tlse3.fr/?page_id=125","name":"Le stage - Master 2 Communication et Territoires","isPartOf":{"@id":"http://www.m2-infocom.iut-tlse3.fr/#website"},"primaryImageOfPage":{"@id":"http://www.m2-infocom.iut-tlse3.fr/?page_id=125#primaryimage"},"datePublished":"2020-02-15T20:56:33+00:00","dateModified":"2022-11-21T13:47:56+00:00","breadcrumb":{"@id":"http://www.m2-infocom.iut-tlse3.fr/?page_id=125#breadcrumb"},"inLanguage":"fr-FR","potentialAction":[{"@type":"ReadAction","target":["http://www.m2-infocom.iut-tlse3.fr/?page_id=125"]}]},{"@type":"BreadcrumbList","@id":"http://www.m2-infocom.iut-tlse3.fr/?page_id=125#breadcrumb","itemListElement":[{"@type":"ListItem","position":1,"name":"Le stage"}]}]}</script>
<!-- / Yoast SEO plugin. -->

Un stage professionnel pratique Un stage de trois mois minimum et de six mois maximum, débutant à partir du début du mois d’avril...
